{"id":658,"date":"2023-03-24T12:20:36","date_gmt":"2023-03-24T12:20:36","guid":{"rendered":"https:\/\/genesis-afrique.com\/store\/?post_type=product&#038;p=658"},"modified":"2023-03-24T12:22:37","modified_gmt":"2023-03-24T12:22:37","slug":"cle-wifi-tp-link-300-mbps-usb","status":"publish","type":"product","link":"https:\/\/genesis-afrique.com\/store\/produit\/cle-wifi-tp-link-300-mbps-usb\/","title":{"rendered":"Cl\u00e9 Wifi TP-Link 300 mbps USB"},"content":{"rendered":"<div class=\"box highlights\">\n<ul>\n<li>D\u00e9bit WiFi de 300 Mbps id\u00e9al pour le flux vid\u00e9o HD, flux voix et les jeux en ligne<\/li>\n<li>Design mini pour une portabilit\u00e9 meilleure avec une haute performance fiable<\/li>\n<li>Une pression sur un bouton WPS pour \u00e9tablir facilement une connexion sans fil s\u00e9curis\u00e9e.<\/li>\n<li>Compatible Windows 10\/8.1\/8\/7\/XP,\u00a0Mac OS, Linux<\/li>\n<\/ul>\n<\/div>\n","protected":false},"excerpt":{"rendered":"<div class=\"box title\">\n<p>Mini Adaptateur USB WiFi N 300 Mbps &#8211; TL-WN823N<\/p>\n<\/div>\n","protected":false},"featured_media":659,"comment_status":"open","ping_status":"closed","template":"","meta":{"om_disable_all_campaigns":false},"product_brand":[],"product_cat":[22],"product_tag":[],"class_list":{"0":"post-658","1":"product","2":"type-product","3":"status-publish","4":"has-post-thumbnail","6":"product_cat-informatique","8":"first","9":"instock","10":"featured","11":"shipping-taxable","12":"purchasable","13":"product-type-simple"},"_links":{"self":[{"href":"https:\/\/genesis-afrique.com\/store\/wp-json\/wp\/v2\/product\/658","targetHints":{"allow":["GET"]}}],"collection":[{"href":"https:\/\/genesis-afrique.com\/store\/wp-json\/wp\/v2\/product"}],"about":[{"href":"https:\/\/genesis-afrique.com\/store\/wp-json\/wp\/v2\/types\/product"}],"replies":[{"embeddable":true,"href":"https:\/\/genesis-afrique.com\/store\/wp-json\/wp\/v2\/comments?post=658"}],"wp:featuredmedia":[{"embeddable":true,"href":"https:\/\/genesis-afrique.com\/store\/wp-json\/wp\/v2\/media\/659"}],"wp:attachment":[{"href":"https:\/\/genesis-afrique.com\/store\/wp-json\/wp\/v2\/media?parent=658"}],"wp:term":[{"taxonomy":"product_brand","embeddable":true,"href":"https:\/\/genesis-afrique.com\/store\/wp-json\/wp\/v2\/product_brand?post=658"},{"taxonomy":"product_cat","embeddable":true,"href":"https:\/\/genesis-afrique.com\/store\/wp-json\/wp\/v2\/product_cat?post=658"},{"taxonomy":"product_tag","embeddable":true,"href":"https:\/\/genesis-afrique.com\/store\/wp-json\/wp\/v2\/product_tag?post=658"}],"curies":[{"name":"wp","href":"https:\/\/api.w.org\/{rel}","templated":true}]}}