{"id":739,"date":"2023-04-20T13:11:59","date_gmt":"2023-04-20T13:11:59","guid":{"rendered":"https:\/\/genesis-afrique.com\/store\/?post_type=product&#038;p=739"},"modified":"2023-04-20T13:41:13","modified_gmt":"2023-04-20T13:41:13","slug":"ensemble-clavier-et-souris-sans-fil-logitech-mk235","status":"publish","type":"product","link":"https:\/\/genesis-afrique.com\/store\/produit\/ensemble-clavier-et-souris-sans-fil-logitech-mk235\/","title":{"rendered":"Ensemble Clavier et Souris sans fil Logitech MK235"},"content":{"rendered":"<p>R\u00e9sistant. Simple. Sans fil<\/p>\n<p>Clavier de taille standard, souris ambidextre, enti\u00e8rement sans fil.<\/p>\n<p>Ce duo offre toutes les fonctionnalit\u00e9s dont vous avez besoin dans une conception confortable et durable, facile \u00e0 utiliser et qui permet de garder votre espace propre et agr\u00e9able.<\/p>\n<p>Construit selon les standards de qualit\u00e9 reconnus de Logitech, l\u2019ensemble MK235 est con\u00e7u pour durer.<\/p>\n<div class=\"cmp-accordion__header panel-header\">\n<p>Contenu du coffret :<\/p>\n<\/div>\n<div class=\"panel-content-wrapper\">\n<div class=\"cmp-accordion__panel cmp-accordion__panel--hidden panel-content\" role=\"region\" data-cmp-hook-accordion=\"panel\" aria-hidden=\"false\" aria-label=\"Contenu du coffret\">\n<div class=\"text-aem\">\n<div id=\"item_2\" class=\"body-copy aem-margin-options\">\n<div class=\"content-ctn aem-content-ctn rte-field \">\n<div class=\"aem-padding-options\" data-aem-id=\"-padding-options\">\n<div class=\"specs-column\">\n<div class=\"specs-group\">\n<div class=\"specs-block\">\n<ul class=\"specs-description-list\">\n<li>Clavier avec 2 piles AAA<\/li>\n<li>Souris avec 1 pile AA<\/li>\n<li>R\u00e9cepteur USB<\/li>\n<li>Documentation utilisateur<\/li>\n<\/ul>\n<p>Disposition : QWERTY<\/p>\n<\/div>\n<\/div>\n<\/div>\n<\/div>\n<\/div>\n<\/div>\n<\/div>\n<\/div>\n<\/div>\n","protected":false},"excerpt":{"rendered":"<p class=\"product-title js-text-auto pangea-inited\">MK235 Wireless Keyboard and Mouse Combo<\/p>\n","protected":false},"featured_media":742,"comment_status":"open","ping_status":"closed","template":"","meta":{"om_disable_all_campaigns":false},"product_brand":[],"product_cat":[22,23],"product_tag":[],"class_list":{"0":"post-739","1":"product","2":"type-product","3":"status-publish","4":"has-post-thumbnail","6":"product_cat-informatique","7":"product_cat-fourniture","9":"first","10":"instock","11":"featured","12":"shipping-taxable","13":"purchasable","14":"product-type-simple"},"_links":{"self":[{"href":"https:\/\/genesis-afrique.com\/store\/wp-json\/wp\/v2\/product\/739","targetHints":{"allow":["GET"]}}],"collection":[{"href":"https:\/\/genesis-afrique.com\/store\/wp-json\/wp\/v2\/product"}],"about":[{"href":"https:\/\/genesis-afrique.com\/store\/wp-json\/wp\/v2\/types\/product"}],"replies":[{"embeddable":true,"href":"https:\/\/genesis-afrique.com\/store\/wp-json\/wp\/v2\/comments?post=739"}],"wp:featuredmedia":[{"embeddable":true,"href":"https:\/\/genesis-afrique.com\/store\/wp-json\/wp\/v2\/media\/742"}],"wp:attachment":[{"href":"https:\/\/genesis-afrique.com\/store\/wp-json\/wp\/v2\/media?parent=739"}],"wp:term":[{"taxonomy":"product_brand","embeddable":true,"href":"https:\/\/genesis-afrique.com\/store\/wp-json\/wp\/v2\/product_brand?post=739"},{"taxonomy":"product_cat","embeddable":true,"href":"https:\/\/genesis-afrique.com\/store\/wp-json\/wp\/v2\/product_cat?post=739"},{"taxonomy":"product_tag","embeddable":true,"href":"https:\/\/genesis-afrique.com\/store\/wp-json\/wp\/v2\/product_tag?post=739"}],"curies":[{"name":"wp","href":"https:\/\/api.w.org\/{rel}","templated":true}]}}